e prime factors of 3318.
2, 3, 7, 79
List the prime factors of 205.
5, 41
List the prime factors of 20558.
2, 19, 541
What are the prime factors of 683?
683
What are the prime factors of 13569?
3, 4523
What are the prime factors of 5673?
3, 31, 61
List the prime factors of 12619.
12619
List the prime factors of 1633.
23, 71
What are the prime factors of 2158?
2, 13, 83
List the prime factors of 23133.
3, 11, 701
List the prime factors of 3632.
2, 227
List the prime factors of 464.
2, 29
What are the prime factors of 20417?
17, 1201
List the prime factors of 1248.
2, 3, 13
What are the prime factors of 586?
2, 293
List the prime factors of 1054.
2, 17, 31
List the prime factors of 94553.
23, 4111
List the prime factors of 119.
7, 17
List the prime factors of 23157.
3, 31, 83
List the prime factors of 18388.
2, 4597
What are the prime factors of 5638?
2, 2819
List the prime factors of 1443.
3, 13, 37
List the prime factors of 6008.
2, 751
List the prime factors of 48225.
3, 5, 643
What are the prime factors of 11750?
2, 5, 47
List the prime factors of 8345.
5, 1669
What are the prime factors of 1977?
3, 659
List the prime factors of 29379.
3, 7, 1399
What are the prime factors of 1359?
3, 151
List the prime factors of 93527.
7, 31, 431
What are the prime factors of 39589?
11, 59, 61
List the prime factors of 4219.
4219
List the prime factors of 82660.
2, 5, 4133
What are the prime factors of 1359?
3, 151
List the prime factors of 36129.
3, 12043
What are the prime factors of 8381?
17, 29
What are the prime factors of 31904?
2, 997
List the prime factors of 127011.
3, 42337
List the prime factors of 11139.
3, 47, 79
What are the prime factors of 115790?
2, 5, 11579
List the prime factors of 101.
101
What are the prime factors of 80312?
2, 10039
What are the prime factors of 14689?
37, 397
List the prime factors of 4676.
2, 7, 167
What are the prime factors of 660?
2, 3, 5, 11
What are the prime factors of 34050?
2, 3, 5, 227
What are the prime factors of 31416?
2, 3, 7, 11, 17
List the prime factors of 6027.
3, 7, 41
List the prime factors of 7403.
11, 673
What are the prime factors of 3786?
2, 3, 631
What are the prime factors of 42944?
2, 11, 61
What are the prime factors of 48379?
101, 479
List the prime factors of 61234.
2, 17, 1801
List the prime factors of 21989.
11, 1999
List the prime factors of 2788.
2, 17, 41
List the prime factors of 228.
2, 3, 19
List the prime factors of 1034.
2, 11, 47
What are the prime factors of 3120?
2, 3, 5, 13
List the prime factors of 18757.
18757
List the prime factors of 14035.
5, 7, 401
List the prime factors of 9028.
2, 37, 61
What are the prime factors of 13893?
3, 11, 421
List the prime factors of 4858.
2, 7, 347
List the prime factors of 5862.
2, 3, 977
List the prime factors of 7886.
2, 3943
List the prime factors of 15816.
2, 3, 659
What are the prime factors of 31600?
2, 5, 79
What are the prime factors of 2092?
2, 523
What are the prime factors of 1759?
1759
List the prime factors of 361.
19
List the prime factors of 761.
761
List the prime factors of 139385.
5, 61, 457
List the prime factors of 69.
3, 23
What are the prime factors of 9471?
3, 7, 11, 41
What are the prime factors of 3644?
2, 911
List the prime factors of 125098.
2, 62549
What are the prime factors of 11328?
2, 3, 59
List the prime factors of 32848.
2, 2053
What are the prime factors of 515?
5, 103
What are the prime factors of 4877?
4877
List the prime factors of 66153.
3, 22051
List the prime factors of 49067.
139, 353
List the prime factors of 34875.
3, 5, 31
List the prime factors of 3220.
2, 5, 7, 23
What are the prime factors of 3178?
2, 7, 227
List the prime factors of 2205.
3, 5, 7
List the prime factors of 19668.
2, 3, 11, 149
List the prime factors of 13381.
13381
List the prime factors of 29257.
17, 1721
List the prime factors of 366.
2, 3, 61
List the prime factors of 516.
2, 3, 43
What are the prime factors of 581?
7, 83
What are the prime factors of 4604?
2, 1151
List the prime factors of 136.
2, 17
List the prime factors of 18205.
5, 11, 331
What are the prime factors of 463?
463
List the prime factors of 3551.
53, 67
List the prime factors of 129917.
129917
What are the prime factors of 111475?
5, 7, 13
List the prime factors of 85374.
2, 3, 17, 31
List the prime factors of 1294.
2, 647
List the prime factors of 59672.
2, 7459
What are the prime factors of 35298?
2, 3, 37, 53
List the prime factors of 49019.
49019
List the prime factors of 996.
2, 3, 83
List the prime factors of 933.
3, 311
What are the prime factors of 32896?
2, 257
What are the prime factors of 2220?
2, 3, 5, 37
List the prime factors of 4157.
4157
List the prime factors of 21818.
2, 10909
List the prime factors of 17396.
2, 4349
List the prime factors of 11388.
2, 3, 13, 73
What are the prime factors of 40822?
2, 20411
What are the prime factors of 9422?
2, 7, 673
What are the prime factors of 55930?
2, 5, 7, 17, 47
What are the prime factors of 5067?
3, 563
List the prime factors of 27704.
2, 3463
List the prime factors of 142.
2, 71
What are the prime factors of 76515?
3, 5, 5101
List the prime factors of 29855.
5, 7, 853
What are the prime factors of 3191?
3191
List the prime factors of 4441.
4441
What are the prime factors of 2917?
2917
List the prime factors of 4556.
2, 17, 67
What are the prime factors of 127?
127
What are the prime factors of 4251?
3, 13, 109
What are the prime factors of 1000?
2, 5
What are the prime factors of 2560?
2, 5
What are the prime factors of 12325?
5, 17, 29
List the prime factors of 25239.
3, 47, 179
List the prime factors of 2614.
2, 1307
What are the prime factors of 2832?
2, 3, 59
List the prime factors of 53473.
7, 7639
List the prime factors of 963.
3, 107
What are the prime factors of 18055?
5, 23, 157
What are the prime factors of 8244?
2, 3, 229
List the prime factors of 151.
151
List the prime factors of 219.
3, 73
What are the prime factors of 4578?
2, 3, 7, 109
What are the prime factors of 1145?
5, 229
List the prime factors of 517.
11, 47
What are the prime factors of 11187?
3, 11, 113
List the prime factors of 313.
313
What are the prime factors of 8942?
2, 17, 263
List the prime factors of 11489.
11489
What are the prime factors of 262?
2, 131
What are the prime factors of 103862?
2, 11, 4721
List the prime factors of 3645.
3, 5
List the prime factors of 8057.
7, 1151
What are the prime factors of 24735?
3, 5, 17, 97
List the prime factors of 6504.
2, 3, 271
What are the prime factors of 24002?
2, 11, 1091
List the prime factors of 32604.
2, 3, 11, 13, 19
List the prime factors of 8.
2
List the prime factors of 903.
3, 7, 43
List the prime factors of 2219.
7, 317
List the prime factors of 2748.
2, 3, 229
List the prime factors of 7652.
2, 1913
List the prime factors of 290.
2, 5, 29
What are the prime factors of 69173?
13, 17, 313
List the prime factors of 5701.
5701
What are the prime factors of 8674?
2, 4337
List the prime factors of 25845.
3, 5, 1723
List the prime factors of 4048.
2, 11, 23
List the prime factors of 2771.
17, 163
List the prime factors of 3236.
2, 809
List the prime factors of 13828.
2, 3457
What are the prime factors of 23770?
2, 5, 2377
List the prime factors of 2223.
3, 13, 19
What are the prime factors of 53817?
3, 17939
What are the prime factors of 698?
2, 349
What are the prime factors of 1079?
13, 83
What are the prime factors of 51625?
5, 7, 59
List the prime factors of 6783.
3, 7, 17, 19
What are the prime factors of 77344?
2, 2417
What are the prime factors of 3148?
2, 787
List the prime factors of 187.
11, 17
List the prime factors of 3242.
2, 1621
List the prime factors of 988.
2, 13, 19
List the prime factors of 1492.
2, 373
What are the prime factors of 23352?
2, 3, 7, 139
What are the prime factors of 12442?
2, 6221
What are the prime factors of 4017?
3, 13, 103
List the prime factors of 124302.
2, 3, 20717
What are the prime factors of 1725?
3, 5, 23
What are the prime factors of 1826?
2, 11, 83
List the prime factors of 12521.
19, 659
What are the prime factors of 758?
2, 379
List the prime factors of 14366.
2, 11, 653
List the prime factors of 109204.
2, 23, 1187
List the prime factors of 24380.
2, 5, 23, 53
List the prime factors of 6747.
3, 13, 173
Wh